n divisor of 820 and 87945?
205
Calculate the highest common divisor of 240 and 5325.
15
Calculate the greatest common factor of 3589349 and 523.
523
What is the greatest common divisor of 805 and 1541?
23
What is the highest common factor of 2444 and 333136?
188
What is the highest common divisor of 20 and 2540500?
20
What is the highest common divisor of 9633 and 3887?
169
Calculate the greatest common factor of 15678 and 468.
234
Calculate the greatest common factor of 30464 and 3672.
136
What is the greatest common factor of 14950 and 407238?
598
What is the highest common factor of 11 and 11572?
11
Calculate the greatest common divisor of 4070 and 68450.
370
Calculate the greatest common divisor of 2432 and 2546.
38
Calculate the highest common divisor of 663 and 374595.
663
Calculate the greatest common factor of 560348 and 438.
146
What is the highest common divisor of 1148 and 2660?
28
Calculate the greatest common factor of 1559427 and 17.
17
What is the greatest common divisor of 3706 and 374?
34
What is the highest common factor of 12331 and 319?
11
What is the highest common factor of 25979 and 86075?
313
Calculate the greatest common factor of 2032 and 8704.
16
What is the greatest common factor of 1347 and 7978281?
1347
What is the greatest common divisor of 528 and 4587?
33
Calculate the greatest common factor of 480 and 15060.
60
What is the greatest common divisor of 64 and 100544?
64
Calculate the greatest common divisor of 153807 and 1503.
501
Calculate the highest common divisor of 428 and 374393.
107
What is the highest common divisor of 112 and 730864?
16
What is the greatest common factor of 240 and 30150?
30
Calculate the greatest common factor of 234 and 12492.
18
What is the highest common divisor of 72 and 15601068?
36
What is the highest common factor of 319 and 168113?
319
Calculate the highest common factor of 4040165 and 1585.
1585
What is the highest common factor of 32250 and 12?
6
Calculate the greatest common factor of 406 and 19691.
203
What is the highest common divisor of 361 and 583243?
19
Calculate the highest common factor of 76 and 703874.
38
What is the greatest common factor of 6 and 161526?
6
Calculate the greatest common factor of 146384 and 48.
16
Calculate the greatest common factor of 238074 and 6.
6
What is the greatest common factor of 209 and 491359?
209
What is the highest common divisor of 450 and 1491550?
50
What is the greatest common factor of 252 and 5628?
84
What is the highest common factor of 28 and 372316?
28
Calculate the greatest common factor of 14578 and 1850.
74
What is the greatest common divisor of 472494 and 319?
11
Calculate the greatest common divisor of 46690 and 812.
406
Calculate the highest common factor of 80352 and 682.
62
What is the highest common factor of 170863 and 55?
11
Calculate the greatest common divisor of 101002 and 11.
11
What is the greatest common factor of 323 and 107729?
17
Calculate the highest common factor of 13490 and 1710.
190
Calculate the highest common divisor of 56 and 125482.
14
Calculate the highest common factor of 4 and 743938.
2
What is the greatest common divisor of 8816 and 14384?
464
What is the highest common divisor of 7344 and 88?
8
Calculate the highest common divisor of 4836700 and 125.
25
Calculate the highest common divisor of 40 and 24370.
10
Calculate the highest common factor of 684 and 944.
4
Calculate the highest common divisor of 34795 and 80.
5
Calculate the greatest common factor of 380 and 97052.
76
Calculate the highest common divisor of 4854 and 4236.
6
Calculate the greatest common factor of 341 and 187847.
11
What is the highest common divisor of 186215 and 10?
5
What is the greatest common factor of 20864 and 56?
8
What is the highest common factor of 3 and 7779?
3
What is the greatest common divisor of 36 and 279?
9
What is the greatest common factor of 30303 and 35217?
819
What is the greatest common factor of 350 and 23065?
35
What is the highest common factor of 37136 and 2112?
176
Calculate the greatest common divisor of 969 and 209712.
51
What is the greatest common divisor of 1083352 and 16808?
1528
Calculate the greatest common divisor of 1405528 and 8.
8
What is the highest common factor of 177 and 5853?
3
What is the highest common divisor of 9390 and 330?
30
What is the greatest common factor of 1506 and 6526?
502
What is the highest common divisor of 40 and 21720?
40
What is the highest common divisor of 1301572 and 2556?
284
Calculate the greatest common divisor of 416 and 1507168.
416
What is the greatest common divisor of 150 and 49575?
75
Calculate the greatest common divisor of 222453 and 308.
77
Calculate the greatest common divisor of 760103 and 1.
1
Calculate the greatest common divisor of 260 and 2270.
10
Calculate the greatest common divisor of 308 and 4628778.
154
Calculate the highest common factor of 311866 and 3962.
566
What is the highest common factor of 15 and 93855?
15
What is the highest common divisor of 1244 and 79927?
311
What is the greatest common factor of 136094 and 56?
14
Calculate the greatest common divisor of 18 and 614.
2
Calculate the greatest common factor of 1391145 and 105.
105
Calculate the highest common factor of 144 and 140868.
36
What is the greatest common factor of 945 and 113715?
315
Calculate the highest common divisor of 66866 and 1206.
134
What is the greatest common factor of 36 and 16764?
12
Calculate the greatest common factor of 238 and 37706.
34
Calculate the highest common divisor of 75 and 749640.
15
What is the greatest common divisor of 1617 and 4818?
33
Calculate the highest common divisor of 2630 and 305.
5
What is the greatest common divisor of 3024 and 86832?
432
Calculate the greatest common divisor of 8 and 4218008.
8
What is the greatest common divisor of 36839 and 34672?
2167
What is the greatest common factor of 448 and 859292?
28
What is the greatest common divisor of 12640 and 470?
10
What is the highest common divisor of 404195 and 495?
55
Calculate the highest common divisor of 491152 and 16.
16
What is the highest common divisor of 520136 and 948?
316
Calculate the highest common factor of 20594 and 28.
14
Calculate the highest common divisor of 297 and 185625.
297
Calculate the highest common factor of 58830 and 10.
10
Calculate the highest common divisor of 2592 and 243.
81
Calculate the highest common factor of 28275 and 3497.
13
Calculate the highest common factor of 688 and 3446536.
344
Calculate the greatest common factor of 6929 and 341653.
533
Calculate the greatest common factor of 113160 and 60.
60
What is the greatest common factor of 3558789 and 1053?
351
Calculate the highest common factor of 2330 and 2190.
10
Calculate the greatest common factor of 2592 and 2916.
324
What is the greatest common divisor of 32 and 8088?
8
Calculate the greatest common divisor of 16240 and 2160.
80
What is the greatest common divisor of 26184 and 162?
6
What is the greatest common divisor of 655 and 133751?
131
Calculate the highest common factor of 22627 and 1768.
17
What is the greatest common factor of 1467827 and 148?
37
Calculate the greatest common divisor of 1662 and 378.
6
Calculate the greatest common factor of 190 and 1192.
2
Calculate the highest common divisor of 22130 and 20.
10
Calculate the greatest common divisor of 2084 and 788794.
1042
Calculate the greatest common divisor of 115 and 83743.
23
Calculate the greatest common divisor of 1472 and 327060.
92
Calculate the highest common factor of 39527 and 47.
47
What is the greatest common factor of 666 and 522?
18
What is the highest common factor of 924297 and 2442?
1221
What is the greatest common divisor of 5544 and 4200?
168
Calculate the highest common factor of 7200 and 6400.
800
Calculate the greatest common factor of 3 and 42897.
3
Calculate the highest common factor of 187 and 331415.
17
Calculate the highest common factor of 48112 and 961.
31
What is the highest common divisor of 77544 and 6?
6
What is the greatest common divisor of 1814184 and 972?
108
What is the highest common factor of 40820 and 170?
10
Calculate the highest common factor of 80 and 464.
16
What is the highest common factor of 257208 and 48?
24
Calculate the greatest common divisor of 524 a